197677
What are the prime factors of 836586896?
2, 29, 1802989
What are the prime factors of 241096198?
2, 7, 29, 20477
List the prime factors of 42041073.
3, 701, 19991
What are the prime factors of 96353328?
2, 3, 37, 227, 239
What are the prime factors of 268732705?
5, 29, 1853329
What are the prime factors of 2147081129?
67, 97, 101, 3271
What are the prime factors of 1315739400?
2, 3, 5, 2192899
What are the prime factors of 901998362?
2, 19, 23736799
List the prime factors of 295076342.
2, 11, 13412561
List the prime factors of 1864367712.
2, 3, 2157833
What are the prime factors of 412606753?
13, 31738981
What are the prime factors of 6496189?
7, 23, 157, 257
List the prime factors of 889512712.
2, 11, 41, 246539
What are the prime factors of 193572254?
2, 96786127
What are the prime factors of 2456319896?
2, 307039987
List the prime factors of 29135032.
2, 1709, 2131
What are the prime factors of 19414282?
2, 29, 89, 3761
List the prime factors of 218861269.
11, 19896479
What are the prime factors of 69782189?
69782189
What are the prime factors of 54425086?
2, 449, 60607
What are the prime factors of 154036950?
2, 3, 5, 1026913
List the prime factors of 3782290829.
3782290829
List the prime factors of 1849466240.
2, 5, 307, 9413
What are the prime factors of 849162496?
2, 7, 13, 36451
What are the prime factors of 31336571?
7, 4476653
What are the prime factors of 4337882081?
13, 61, 113, 48409
List the prime factors of 8585088.
2, 3, 79, 283
List the prime factors of 5291765435.
5, 11, 569, 169093
List the prime factors of 7046520300.
2, 3, 5, 7829467
What are the prime factors of 17035032?
2, 3, 7, 101399
What are the prime factors of 224772780?
2, 3, 5, 37, 103, 983
List the prime factors of 2240842883.
199, 761, 14797
What are the prime factors of 49100206?
2, 41, 598783
List the prime factors of 4648379557.
23, 1489, 135731
List the prime factors of 250994584.
2, 23, 1364101
List the prime factors of 1644579501.
3, 548193167
What are the prime factors of 16194436?
2, 67, 60427
What are the prime factors of 607206991?
173, 277, 12671
List the prime factors of 711459317.
83, 8571799
What are the prime factors of 2198344882?
2, 10987, 100043
List the prime factors of 23051601.
3, 853763
List the prime factors of 85964959.
4021, 21379
What are the prime factors of 97021307?
73, 101, 13159
What are the prime factors of 649223009?
23371, 27779
What are the prime factors of 34318222?
2, 89, 192799
What are the prime factors of 53957325?
3, 5, 409, 1759
What are the prime factors of 69090476?
2, 7, 13, 347, 547
List the prime factors of 40759789.
7, 5822827
What are the prime factors of 2023899818?
2, 28123, 35983
List the prime factors of 137098398.
2, 3, 3673, 6221
List the prime factors of 289245940.
2, 5, 2129, 6793
What are the prime factors of 24779149?
17, 179, 479
What are the prime factors of 1993464463?
107, 18630509
List the prime factors of 43916075.
5, 7, 250949
List the prime factors of 41021319.
3, 13673773
List the prime factors of 503144321.
503144321
List the prime factors of 505671804.
2, 3, 11, 1276949
List the prime factors of 28213180.
2, 5, 23, 61333
What are the prime factors of 4486898975?
5, 13, 13805843
List the prime factors of 2067648176.
2, 11, 619, 18979
What are the prime factors of 163446267?
3, 61, 893149
What are the prime factors of 117978588?
2, 3, 7, 13, 36013
What are the prime factors of 467531256?
2, 3, 19480469
What are the prime factors of 497617746?
2, 3, 353, 234947
List the prime factors of 56880446.
2, 7, 4062889
List the prime factors of 18345252.
2, 3, 1528771
What are the prime factors of 279136500?
2, 3, 5, 71, 2621
What are the prime factors of 27775078?
2, 13887539
List the prime factors of 23134043.
43, 538001
What are the prime factors of 81008154?
2, 3, 1500151
What are the prime factors of 8299886?
2, 7, 592849
What are the prime factors of 17775690?
2, 3, 5, 479, 1237
List the prime factors of 821107289.
821107289
What are the prime factors of 225847234?
2, 97, 491, 2371
List the prime factors of 442990515.
3, 5, 11, 29, 43, 2153
What are the prime factors of 356519579?
13, 43, 637781
List the prime factors of 29151947.
11, 19, 139483
What are the prime factors of 4025395?
5, 11, 73189
List the prime factors of 574038497.
197, 1361, 2141
What are the prime factors of 879513096?
2, 3, 7, 11, 475927
List the prime factors of 1007765804.
2, 107, 2354593
List the prime factors of 351667792.
2, 7, 23, 211, 647
List the prime factors of 41132188.
2, 19, 23, 23531
List the prime factors of 857621662.
2, 331, 1295501
What are the prime factors of 5348052893?
29, 184415617
What are the prime factors of 22353564?
2, 3, 1862797
What are the prime factors of 1142500168?
2, 2221, 64301
List the prime factors of 148424318.
2, 7, 10601737
List the prime factors of 2281569463.
15287, 149249
What are the prime factors of 35587613?
17, 2093389
What are the prime factors of 1802277118?
2, 863, 1044193
What are the prime factors of 35695252?
2, 8923813
What are the prime factors of 48143272?
2, 6017909
List the prime factors of 394154053.
271, 1454443
What are the prime factors of 963733932?
2, 3, 7, 1511, 2531
What are the prime factors of 2944094538?
2, 3, 7, 11, 130051
List the prime factors of 578575481.
11, 113, 191, 2437
What are the prime factors of 5017175640?
2, 3, 5, 89, 127, 137
What are the prime factors of 35357782?
2, 43, 137, 3001
List the prime factors of 1271561414.
2, 635780707
What are the prime factors of 3392893055?
5, 678578611
What are the prime factors of 19265394?
2, 3, 47, 53, 1289
What are the prime factors of 169614325?
5, 6784573
What are the prime factors of 5392302532?
2, 157, 2339, 3671
What are the prime factors of 2285649859?
19, 67, 1795483
What are the prime factors of 2213136428?
2, 553284107
List the prime factors of 64502887.
6317, 10211
What are the prime factors of 6749890128?
2, 3, 29, 487, 3319
List the prime factors of 77619764.
2, 19404941
What are the prime factors of 375576224?
2, 577, 20341
What are the prime factors of 23881485?
3, 5, 1592099
List the prime factors of 361024779.
3, 61, 1972813
What are the prime factors of 2693802020?
2, 5, 7, 13, 37, 109, 367
List the prime factors of 3248461.
3248461
What are the prime factors of 88552047?
3, 23, 251, 5113
List the prime factors of 2427280003.
73, 4483, 7417
List the prime factors of 69167930.
2, 5, 13, 532061
What are the prime factors of 1689097618?
2, 13, 103, 233, 2707
List the prime factors of 1943727785.
5, 109, 3566473
What are the prime factors of 25965486?
2, 3, 1442527
List the prime factors of 4390130753.
4390130753
List the prime factors of 41510130.
2, 3, 5, 53, 26107
List the prime factors of 3821859822.
2, 3, 11, 57906967
What are the prime factors of 716225937?
3, 7, 547, 62351
List the prime factors of 6577291206.
2, 3, 61, 149, 1489
What are the prime factors of 68631652?
2, 17, 1009289
What are the prime factors of 3618088664?
2, 2273, 198971
List the prime factors of 480622440.
2, 3, 5, 1553, 2579
List the prime factors of 642406074.
2, 3, 19, 5635141
What are the prime factors of 49904973?
3, 59, 93983
What are the prime factors of 581034383?
19, 30580757
What are the prime factors of 159734646?
2, 3, 2958049
List the prime factors of 179965411.
103, 1747237
List the prime factors of 1490341616.
2, 31, 251, 11971
List the prime factors of 1802762.
2, 13, 69337
List the prime factors of 4308975239.
4308975239
What are the prime factors of 453358703?
7, 17, 3809737
What are the prime factors of 5024063571?
3, 167, 10028071
List the prime factors of 1195700660.
2, 5, 7, 11, 776429
What are the prime factors of 6487319004?
2, 3, 23, 127, 185077
What are the prime factors of 18990922?
2, 373, 25457
List the prime factors of 619685655.
3, 5, 563, 73379
What are the prime factors of 133493804?
2, 33373451
What are the prime factors of 90710091?
3, 23, 43, 79
What are the prime factors of 238969485?
3, 5, 167, 31799
List the prime factors of 26654188.
2, 11, 19, 31883
List the prime factors of 422457572.
2, 105614393
List the prime factors of 420590948.
2, 17, 363833
What are the prime factors of 440374081?
7, 859, 73237
What are the prime factors of 324160050?
2, 3, 5, 179, 12073
W